o + 0 + i. What is s(5)?
9
Let j(m) = 21*m**3 + 12*m**2 + 6*m + 2. Let u(v) = 25*v**3 + 13*v**2 + 6*v + 2. Let c(y) = 6*j(y) - 5*u(y). Let g be (1*-2)/(7/21). Calculate c(g).
2
Suppose 7*a - 9 = -2. Let u be (0 - (-4)/(-1))/a. Let b(r) = r**3 + 3*r**2 - 4*r - 2. Give b(u).
-2
Let y(f) be the third derivative of -12*f**2 + 1/24*f**4 + 0 + 0*f + 5/3*f**3. What is y(0)?
10
Let g(m) be the third derivative of 1/8*m**4 + 1/360*m**6 + 0 - 7/120*m**5 - 6*m**2 + 0*m + 1/3*m**3. Let f(y) be the first derivative of g(y). Give f(7).
3
Let s = -198 - -193. Let x(h) = -h**2 - 7*h - 10. Calculate x(s).
0
Let t(k) = -k**3 + 7*k**2 - 5*k - 1. Let v be (-4)/(4 - 30/7). Let y = v - 8. What is t(y)?
5
Suppose 4*y = k + 3*k + 4, 4*k = 5*y - 8. Suppose 9*a - 6 - 3 = 0. Suppose a = -y*v - 11. Let h(d) = d**3 + 3*d**2 - 2*d - 3. Calculate h(v).
3
Let z = 607 - 620. Let v(p) = -p**2 - 12*p + 26. Determine v(z).
13
Let c(g) = 8*g**3 + 18 - 20*g - 22*g**3 + 0 + 11*g**2 + 13*g**3. What is c(9)?
0
Let q(y) = -2*y**3 - y**2 - 2*y - 1. Let m be q(-1). Let c(b) = -9*b + 7*b + 3 - m*b**2 - 1. Determine c(-2).
-2
Let s(u) = -u**2 - 5*u + 1. Let p(z) = z**3 + 4*z**2 - 16*z - 30. Let d be p(-6). Give s(d).
-5
Let s(l) = -7 + 3 + 9 - 2*l - 2*l**2 - 2. Calculate s(2).
-9
Let v(l) = 0 + 8 + 7*l + l**2 - 30 + 11. Give v(-8).
-3
Let n(o) = -o**2 + 3*o - 2. Let j(x) = -4*x + 15. Let y(g) = 4*g + 8. Let l be y(0). Let v be j(l). Let a = -15 - v. Calculate n(a).
0
Let r(l) = 24*l + 6. Let c(n) = 8*n + 1. Let s(f) = -15*f - 2. Let j(b) = -5*c(b) - 3*s(b). Let v(t) = -11*j(t) + 2*r(t). Calculate v(1).
-6
Let k(u) = -5*u**2 + 32*u - 2. Let s(q) = -q**2 + 4*q - 1. Let l(o) = -k(o) + 6*s(o). Give l(-9).
-13
Let t(d) = -6*d**2 + d. Suppose -6*l + 6 = -3*l. Let w be t(l). Let v = w + 28. Let z(a) = -a**2 + 6*a + 7. Give z(v).
7
Let w(a) = a - 4. Let d be w(6). Suppose 12 = 4*l + d*l. Let f(t) = -1. Let m(q) = 2*q**2 + 5. Let k(h) = -6*f(h) - m(h). Give k(l).
-7
Let s(m) = 3 + 731*m - m**2 - 362*m - 364*m. Give s(3).
9
Let n(y) be the first derivative of 2*y**5/15 - y**4/24 + y**3/6 - 15*y**2/2 + 14. Let o(i) be the second derivative of n(i). Determine o(1).
8
Let w be ((-68)/24 + 3)/((-2)/(-12)). Let i(n) = -5 - 2 + w + 2*n. Calculate i(6).
6
Let h(m) = -9*m**3 + 2*m - 1. Suppose -8*n = 138 - 42. Let p be (-8)/n*(-12)/(-8). Determine h(p).
-8
Let h(t) = 16. Let m(x) = -x. Let j(n) = -h(n) - 2*m(n). What is j(7)?
-2
Let k be ((-64)/(-24))/((-4)/(-6)). Suppose k*g + 7 = -5. Let i(o) = -2*o + 1. Determine i(g).
7
Let p(x) be the first derivative of 10 + 0*x**2 + 2/3*x**3 - 1/2*x**4 - x. Determine p(-1).
3
Let z(c) = c**2 + 4*c - 2. Let k = 101 + -51. Suppose 0 = -4*b + k - 66. Give z(b).
-2
Suppose -10*q = 6*q + 384. Let b be (30/q - -2)/((-1)/(-8)). Let f(z) = z**2 - 1 - 3 - 2*z - 2*z. Give f(b).
8
Let b(z) = -2*z**3 + 2*z + 2. Let f = 73 + -75. Determine b(f).
14
Let r(f) be the second derivative of -1/20*f**5 - 1/3*f**4 + 2*f**2 + 0 + 16*f + 1/2*f**3. Let a = 11 - 15. Calculate r(a).
-8
Let l(o) = 14. Let s(v) = -v - 10. Let n(b) = -4*l(b) - 3*s(b). What is n(7)?
-5
Let o(h) = h**2 + 3*h - 10. Let k(g) = 3. Let l(u) = k(u) + o(u). Determine l(-5).
3
Let k(c) = 3*c**3 + c**2. Let n be (-1)/(-4) - (-22)/8. Suppose 4*p = a - 2*a + n, p - 6 = -2*a. Suppose -4*x + 2*x + 2 = p. Determine k(x).
4
Let j(a) = -3*a - 1. Let h(q) = -2*q - 2. Let l(r) = 6*h(r) - 5*j(r). Let u(w) = -w - 1. Let f(b) = -l(b) - 4*u(b). Suppose 30 = -2*v - 3*v. Determine f(v).
5
Suppose 17*l + 134 = 219. Let j(v) = 7*v - 30. Give j(l).
5
Let w(z) = -1 + 4*z**2 + 10*z**2 + 9*z**2 - z**3 + 14*z**2 - 35*z**2. What is w(-1)?
2
Let k(i) = -i**3 + i. Let m(l) = 6*l**3 - 4*l**2 - 11*l + 7. Let c(t) = -5*k(t) - m(t). Let h = 2 - -5. Let y = h + -2. Determine c(y).
-2
Let p = 2833 - 2833. Let a(o) = 5 - 2*o**2 + 2 + 3*o**2. Calculate a(p).
7
Let y(k) = k**3 - 8*k**2 + 7*k - 6. Let c(x) = x**2 + 2. Let j be c(2). Suppose 132 = 3*d + 27. Suppose d = -v + j*v. What is y(v)?
-6
Let p(y) = 1600 - 3198 + 1598 - 3*y**2 + 3*y - 4*y**3. Calculate p(2).
-38
Let w(q) = -15*q**3 + 3*q**2 - 3*q + 3. Let i(h) = -7*h**3 + 2*h**2 - 2*h + 2. Let g(m) = -13*i(m) + 6*w(m). Calculate g(6).
-32
Let c(o) = -2*o**2 - 2*o + 2. Let z(j) = j**2 + 28*j - 31. Let p be z(-29). Determine c(p).
-2
Let n(c) = 355*c - 26 - 354*c + 25. Let m(t) = -t**2 - 9*t - 4. Let b be m(-8). Determine n(b).
3
Let o(l) = -l**3 - 7*l**2 - 6*l + 8. Suppose -2*w - 14 = -p, 32*w + 22 = 28*w - p. Calculate o(w).
8
Let x(h) be the first derivative of -9/2*h**2 - 7*h - 1/3*h**3 - 5. Let i be (2 - 3)/((-4)/(-24)). What is x(i)?
11
Let h(f) = 3*f - 78. Let d = 56 + -31. Let u be h(d). Let i(y) = y**2 + y - 2. What is i(u)?
4
Let x be 25/(-7) - (-6)/(-14). Let c(j) = -j - 9. Let a be c(x). Let b(v) = -v**3 - 5*v**2. Determine b(a).
0
Let c(n) = 324*n**2 - n + 319*n**2 + 1 - 644*n**2. Give c(2).
-5
Let s be ((-30)/(-25))/((-2)/(-5)). Let p(x) = -x + 1 - 7 - x**2 - s*x - 6*x. What is p(-9)?
3
Let q(k) = 2*k. Let c(f) = 2*f - 3. Let h be c(-16). Let d = 40 + h. What is q(d)?
10
Let c be 7/(-2)*(-52)/91. Suppose -5*h - 2 + c = 0. Let z(n) = -n**3 - n**2 - n + 9. Determine z(h).
9
Suppose 0 = b - 2 + 6. Let f be (10/4)/(2/b). Let j(x) = -12. Let o(t) = -3*t - 72. Let s(a) = 6*j(a) - o(a). Determine s(f).
-15
Let d(v) = -4*v + 1. Let z be (-6)/(-2) + 1 + 16. Suppose -1 = -z*j + 19*j. Calculate d(j).
-3
Let z(n) = -2*n**3 + 4*n**2 - 11*n + 3. Let o(t) = -3*t**3 + 10*t**2 - 22*t + 5. Let r(a) = 3*o(a) - 5*z(a). Determine r(-11).
0
Suppose 2*g - 1 - 5 = 0. Let z be (14/4 + -3)*10. Let o(f) = -z*f - f + 3*f. What is o(g)?
-9
Let s = 39 - 35. Let h(u) = 3*u**3 - 218*u**2 + 2*u + 221*u**2 + 0*u**3 + 1 - 4*u**3. Calculate h(s).
-7
Let i(j) = -j**3 + 7*j**2 - 6*j - 5. Suppose 2*s + 18 = -3*o, 4*s + 0*s - 12 = 2*o. Let f be 27/(-12)*(-3 + (-2)/o). Calculate i(f).
-5
Let c(d) = 7*d**3 - 7*d**2 - 9. Let k(z) = -9*z**3 + 8*z**2 + z + 10. Let q(m) = -4*c(m) - 3*k(m). Calculate q(4).
-6
Let p(n) = 7*n**2 + n - 1. Let c(w) = w + 5. Let r be c(8). Let o = r + -7. Suppose 5 - o = -g. What is p(g)?
7
Let o(y) = 4*y**2 + y. Let b(s) = -3*s**2 - 2*s. Let p(j) = -j - 1. Let a be p(-5). Let z(x) = a*o(x) + 5*b(x). Give z(5).
-5
Let r(v) = v**2 + 3*v + 2. Let y be r(-1). Suppose o = -3*j + 10, y*o + 2*o + j = 0. Let i(m) = 9*m. What is i(o)?
-18
Let a(t) be the first derivative of t**4/4 + t**3/3 + 4*t + 26. Let i(s) = 4*s**3 + 2*s**2 + 2*s + 1. Let z be i(-1). Give a(z).
-14
Let i(a) = -a**3 - 9*a**2 - 7*a - 3. Suppose 2*b + 41 + 43 = 4*t, 5*t - 20 = 0. Let v be -3*(b/(-12) - (-1)/(-6)). Determine i(v).
-11
Let f(p) be the third derivative of -p**6/120 + p**5/10 + p**4/24 - p**3 + 5*p**2. Suppose 5 = -5*j - 0*j, 2*o + 2*j - 10 = 0. What is f(o)?
0
Let o(d) = 7*d**3 - 11*d**2 - d. Let y = -6 - -1. Let g(w) = 10*w**3 - 16*w**2 - w. Let l(t) = y*g(t) + 7*o(t). Suppose 165 - 36 = 43*v. Calculate l(v).
-6
Let y = -1988 + 1995. Let w(s) = -2*s**2 + 16*s - 2. Calculate w(y).
12
Let n(f) be the first derivative of f**2 - 1/12*f**4 + 0*f - 4 + 1/3*f**3. Let v(r) be the second derivative of n(r). Calculate v(3).
-4
Let j(p) = 7*p - p**2 + p - 3*p. Let w be j(3). Let m(o) = o**3 - 5*o**2 - 4*o - 6. Determine m(w).
6
Let r be 2/(-2*2/16). Let m(w) = 2*w**3 + 7*w**2 - 14*w + 13. Let z(l) = -3*l**3 - 10*l**2 + 21*l - 19. Let s(i) = r*m(i) - 5*z(i). Calculate s(-7).
-9
Let p(u) be the second derivative of u**5/20 + u**4/2 + u**3/2 - 5*u**2/2 - u. Let a = -33 - -38. Let r = -10 + a. Give p(r).
5
Let u(g) = -g**2 + 11*g - 13. Let c be (-36)/(-6) + 2 + 1. What is u(c)?
5
Let g be ((-1)/(-2))/(0 + 4/152). Suppose 2*s + 17 = g. Let w(v) = 14*v**2 + 0 + 4 + 2*v - 5. Give w(s).
15
Suppose -5 = -2*x + 3. Suppose 71 = -x*f - 13. Let z be ((-12)/f)/(2/14). Let h(q) = -2*q + 4. Determine h(z).
-4
Let l be 198/42 - (-2)/7. Let c(y) = 3 - 2 + 16*y - 34*y - 3 + 15*y. Calculate c(l).
-17
Let b(o) be the third derivative of -o**6/120 + o**5/60 - o**3/3 + o**2. Let m(p) = p**3 + 16*p**2 + 14*p + 23. Let a be m(-15). Let c = a + -38. Give b(c).
-2
Suppose 41 = -3*b - 5*n + 7, 5*n + 42 = -4*b. Let u(g) = 5*g**2 + 12*g**3 - 13*g**3 - 7*g - 2 - 14*g**2 + 5. Calculate u(b).
-5
Let p = 58 + -47. Suppose -5*x + 3*y = -x - p, 0 = 4*y + 4. Let f(c) = -c*